ighest common divisor of 44 and 671.
11
What is the highest common factor of 240 and 592?
16
Calculate the greatest common divisor of 900 and 108.
36
What is the highest common divisor of 7638 and 456?
114
Calculate the highest common divisor of 43 and 1376.
43
Calculate the greatest common factor of 86 and 1376.
86
Calculate the highest common divisor of 13 and 2470.
13
Calculate the highest common divisor of 290 and 20.
10
What is the highest common factor of 8 and 2?
2
Calculate the greatest common factor of 237 and 3.
3
What is the greatest common divisor of 729 and 6?
3
Calculate the highest common divisor of 525 and 45.
15
Calculate the highest common factor of 7 and 2.
1
Calculate the greatest common divisor of 26 and 1196.
26
What is the highest common divisor of 16 and 1808?
16
What is the highest common factor of 48 and 12048?
48
What is the highest common factor of 70 and 1015?
35
What is the highest common divisor of 235 and 141?
47
What is the highest common divisor of 246 and 8036?
82
What is the greatest common factor of 517 and 33?
11
Calculate the greatest common factor of 299 and 78.
13
What is the greatest common factor of 32 and 86?
2
Calculate the highest common divisor of 28 and 200.
4
What is the highest common divisor of 1902 and 1?
1
Calculate the highest common factor of 210 and 700.
70
Calculate the greatest common divisor of 5141 and 97.
97
Calculate the greatest common divisor of 345 and 207.
69
What is the greatest common factor of 117 and 18?
9
Calculate the greatest common divisor of 1007 and 424.
53
Calculate the highest common divisor of 76 and 1577.
19
What is the highest common divisor of 180 and 1020?
60
What is the greatest common divisor of 108 and 2988?
36
What is the greatest common factor of 4740 and 120?
60
Calculate the highest common divisor of 128 and 156.
4
What is the highest common factor of 63 and 224?
7
What is the greatest common factor of 220 and 140?
20
What is the greatest common factor of 345 and 3381?
69
What is the greatest common divisor of 731 and 43?
43
What is the greatest common divisor of 1792 and 384?
128
What is the greatest common divisor of 3982 and 66?
22
What is the greatest common factor of 30 and 380?
10
What is the highest common factor of 21 and 77?
7
What is the greatest common factor of 35 and 2620?
5
What is the highest common divisor of 502 and 2?
2
What is the greatest common factor of 77 and 297?
11
What is the highest common divisor of 236 and 6962?
118
Calculate the highest common factor of 85 and 2.
1
Calculate the greatest common factor of 208 and 16.
16
What is the greatest common factor of 267 and 3?
3
Calculate the highest common factor of 1738 and 316.
158
Calculate the highest common divisor of 24 and 264.
24
What is the highest common divisor of 384 and 1104?
48
What is the greatest common divisor of 176 and 3256?
88
Calculate the highest common factor of 360 and 1600.
40
Calculate the greatest common factor of 161 and 46.
23
Calculate the greatest common factor of 170 and 68.
34
What is the highest common factor of 355 and 142?
71
What is the highest common divisor of 1692 and 288?
36
What is the greatest common divisor of 99 and 225?
9
What is the greatest common divisor of 144 and 248?
8
Calculate the highest common factor of 225 and 100.
25
Calculate the greatest common factor of 275 and 935.
55
What is the greatest common divisor of 55 and 10?
5
Calculate the highest common divisor of 2152 and 80.
8
What is the highest common divisor of 48 and 16008?
24
What is the highest common divisor of 6 and 2?
2
What is the greatest common divisor of 504 and 14?
14
What is the greatest common divisor of 28 and 350?
14
Calculate the highest common divisor of 26 and 44018.
26
Calculate the highest common divisor of 2 and 18.
2
What is the greatest common divisor of 427 and 77?
7
Calculate the highest common divisor of 4125 and 132.
33
Calculate the greatest common factor of 462 and 330.
66
Calculate the highest common divisor of 112 and 32.
16
What is the highest common factor of 135 and 270?
135
What is the greatest common divisor of 5486 and 52?
26
Calculate the greatest common divisor of 1638 and 28.
14
What is the greatest common factor of 38 and 15238?
38
What is the greatest common divisor of 29 and 58?
29
What is the highest common divisor of 2 and 74?
2
What is the greatest common divisor of 6 and 246?
6
Calculate the highest common divisor of 56 and 16.
8
Calculate the highest common divisor of 105 and 546.
21
Calculate the highest common divisor of 1095 and 2409.
219
Calculate the greatest common factor of 39 and 377.
13
What is the greatest common factor of 517 and 282?
47
Calculate the greatest common divisor of 86 and 55126.
86
Calculate the highest common divisor of 132 and 14740.
44
What is the greatest common divisor of 348 and 264?
12
What is the greatest common divisor of 126 and 11214?
126
What is the greatest common divisor of 1633 and 23?
23
Calculate the greatest common factor of 18 and 1206.
18
Calculate the highest common divisor of 132 and 1364.
44
Calculate the greatest common factor of 175 and 375.
25
Calculate the greatest common divisor of 285 and 165.
15
Calculate the highest common factor of 10234 and 14.
14
Calculate the highest common factor of 20 and 50.
10
What is the highest common divisor of 20 and 25810?
10
Calculate the highest common divisor of 14359 and 519.
173
What is the greatest common divisor of 3 and 1483?
1
Calculate the highest common divisor of 5895 and 60.
15
What is the highest common factor of 176 and 1606?
22
What is the greatest common factor of 14505 and 105?
15
Calculate the greatest common divisor of 126 and 546.
42
Calculate the highest common factor of 470 and 40.
10
Calculate the highest common divisor of 444 and 84.
12
Calculate the greatest common divisor of 9 and 42.
3
What is the greatest common factor of 21 and 259?
7
What is the greatest common divisor of 48 and 54?
6
What is the greatest common divisor of 237 and 79?
79
Calculate the highest common factor of 98 and 1834.
14
What is the greatest common divisor of 28 and 1022?
14
Calculate the highest common factor of 534 and 240.
6
Calculate the greatest common factor of 7683 and 394.
197
What is the highest common factor of 294 and 1050?
42
What is the highest common divisor of 95 and 110?
5
Calculate the greatest common factor of 63 and 873.
9
What is the highest common divisor of 72 and 12?
12
Calculate the highest common divisor of 1708 and 61.
61
Calculate the greatest common divisor of 57 and 114.
57
What is the greatest common factor of 750 and 3810?
30
What is the highest common factor of 20 and 320?
20
What is the highest common divisor of 2290 and 687?
229
What is the greatest common factor of 1904 and 1?
1
Calculate the highest common factor of 16 and 2456.
8
Calculate the greatest common divisor of 5715 and 72.
9
What is the highest common divisor of 342 and 38?
38
Calculate the greatest common divisor of 3 and 8.
1
What is the highest common factor of 5 and 17?
1
Calculate the highest common divisor of 72 and 324.
36
What is the greatest common factor of 17 and 40018?
17
Calculate the highest common divisor of 12 and 74076.
12
Calculate the highest common divisor of 202 and 1010.
202
What is the greatest common factor of 436 and 4?
4
Calculate the greatest common factor of 395 and 705.
5
Calculate the greatest common factor of 4579 and 723.
241
Calculate the greatest common divisor of 82 and 4346.
82
Calculate the highest common factor of 38 and 475.
19
Calculate the highest common factor of 183 and 18.
3
Calculate the greatest common divisor of 17 and 109.
1
Calculate the greatest common factor of 378 and 14.
14
Calculate the highest common divisor of 872 and 136.
8
Calculate the highest common factor of 6815 and 145.
145
Calculate the highest common divisor of 492 and 15.
3
What is the greatest common factor of 88 and 1208?
8
What is the highest common factor of 183 and 1769?
61
Calculate the highest common divisor of 429 and 33.
33
What is the greatest common divisor of 324 and 24?
12
Calculate the highest common divisor of 117 and 312.
39
What is the greatest common factor of 82 and 1517?
41
Calculate the greatest common divi